{"id":17,"date":"2024-11-28T18:17:35","date_gmt":"2024-11-28T18:17:35","guid":{"rendered":"https:\/\/www.bnw-mineral.com\/?page_id=17"},"modified":"2024-11-28T18:23:44","modified_gmt":"2024-11-28T18:23:44","slug":"mundpilz","status":"publish","type":"page","link":"http:\/\/www.bnw-mineral.com\/?page_id=17","title":{"rendered":"Mundpilz"},"content":{"rendered":"\n<p>Mundpilz &#8211; Mundsoor\u00a0wird haupts\u00e4chlich durch den Hefepilz Candida albicans ausgel\u00f6st. Sehr h\u00e4ufig sind Babys und Kleinkinder von\u00a0Mundpilz &#8211; Mundsoor\u00a0betroffen. Die Infektion kann dabei schon bei der Geburt von der Mutter, durch\u00a0Scheidenpilz\u00a0,auf das Baby \u00fcbertragen werden. Auch ist das Immunsystem bei Babys und Kleinkindern noch nicht so aktiv wie bei Erwachsenen.\u00a0Mundpilz &#8211; Mundsoor\u00a0kann auch durch schlecht sitzende Zahnprotesen ausgel\u00f6st werden.<br><br>Dabei \u00fcberwuchert der Pilz (Cancida albicans) die Schleimh\u00e4ute im Mund und Rachen. Es bilden sich wei\u00dfe oder gelbliche Flecken bzw. Bel\u00e4ge auf der Mundschleimhaut und der Zunge. Dieser Belag kann oft schwer entfernt werden. Durch die \u00dcberwucherung der Schleimh\u00e4ute mit\u00a0Mundpilz &#8211; Mundsoor\u00a0entstehen auch Entz\u00fcndungen, welche leicht bluten k\u00f6nnen. Dadurch sind die Schleimh\u00e4ute gereizt und schmerzen. Der\u00a0Mundpilz &#8211; Mundsoor\u00a0kann sich bis in die Speiser\u00f6hre ausweiten. Selbst das Schlucken wird dann zu einer Qual. Ein weiterer unangenehmer Nebeneffekt, bei Mundpilz &#8211; Mundsoor, ist \u00fcbler Mundgeruch.<br><br>Die Diagnose\u00a0Mundpilz &#8211; Mundsoor\u00a0wird mit Hilfe eines Abstriches, durch den Arzt und einer entsprechenden Laboruntersuchung festgestellt.<br><br>Besonders beg\u00fcnstigend f\u00fcr die Entwicklung von\u00a0Mundpilz &#8211; Mundsoor\u00a0Infektionen wirken sich chronische Erkrankungen aus. Bei chronischen Erkrankungen werden die Abwehrkr\u00e4fte des K\u00f6rpers herabgesetzt. Dazu z\u00e4hlen: Diabetes Typ 1, Diabetes Typ 2, eine HIV \u2013 Infektion, eine Schilddr\u00fcsen\u00fcberfunktion oder auch Allergien. Auch die Einnahme von Antibiotika oder Kortison (Asthmaspray) kann\u00a0Mundpilz &#8211; Mundsoor\u00a0beg\u00fcnstigen. Bei\u00a0Chemotherapien\u00a0ist der\u00a0Mundpilz &#8211; Mundsoor\u00a0eine h\u00e4ufige Nebenwirkung.<br><br>Mundpilz &#8211; Mundsoor\u00a0sollte besonders bei Babys und Kleinkindern unverz\u00fcglich behandelt werden. \u00dcber den Mund k\u00f6nnen sich die Pilze auf der Haut in der Scheide und im Darm weiterverbreiten.<\/p>\n\n\n\n<figure class=\"wp-block-table\"><table class=\"has-fixed-layout\"><tbody><tr><td><a href=\"https:\/\/web.archive.org\/web\/20130605025901\/http:\/\/www.bnw-mineral.com\/shop\/shop.html\"><\/a><\/td><td>Bei\u00a0Mundpilz &#8211; Mundsoor\u00a0wird unser kolloidales Nano-Silizium DynamSi zuverl\u00e4ssig angewendet:<br><br>Innerlich zur St\u00e4rkung des Immunsystems. DynamSi als kolloidales Nano-Silizium ist ein schnellwirkender Aktivator des Immunsystems. Lediglich 3 x t\u00e4glich 2 Teel\u00f6ffel t\u00e4glich in Wasser sind hier notwendigAls Mundsp\u00fclung zur direkten Behandlung der l\u00e4stigen Symptome wie Schmerzen, R\u00f6tung, Brennen und Schluckbeschwerden. Die betroffenen Stellen k\u00f6nnen auch mit unverd\u00fcnntem DynamSi, zur Soforthilfe, behandelt werden.<br><br>Unser DynamSi besteht nur aus\u00a0speziellem Wasser\u00a0und nanofeinem kolloidalem Silizium. Ohne Hormone, Chemie und Konservierungsmittel. Da DynamSi nahezu geschmacksneutral ist, kann es auch problemlos bei Kindern angwendet werden.<\/td><\/tr><\/tbody><\/table><\/figure>\n\n\n\n<p><br>Pilzerkrankungen entstehen durch die Schw\u00e4chung des Immunsystems. Deshalb ist es f\u00fcr die Betroffenen wichtig, die\u00a0Mundpilz &#8211; Mundsoor\u00a0Infektion auf mehreren Wegen zu bek\u00e4mpfen. Ziel sollte sein, dass gesch\u00e4digte Immunsystem zu verbessern und zu stabilisieren.<br><br><strong>Ern\u00e4hrung:<\/strong><\/p>\n\n\n\n<p>Eine einheitliche, vorgeschriebene Empfehlung f\u00fcr die Ern\u00e4hrung von\u00a0Mundpilz &#8211; Mundsoor\u00a0Erkrankten ist nicht m\u00f6glich. Man sollte grunds\u00e4tzlich eine Ern\u00e4hrung anstreben, die Mangelerscheinungen verhindert und das Immunsystem st\u00e4rkt. Wichtig dabei ist der Verzicht auf Alkohol, Zucker, Fruchtzucker, Honig oder Getr\u00e4nke mit hohem S\u00fc\u00dfstoffgehalt. Auch sollte, w\u00e4hrend der Erholung, auf hefehaltige Kost verzichtet werden. W\u00e4hrend eines Zeitraums von 4-8 Wochen sollten Betroffene ihre Nahrung mit DynamSi erg\u00e4nzen. 3 x t\u00e4glich 2 Teel\u00f6ffel mit Wasser verd\u00fcnnt sind hier ausreichend. Bei einer Therapie gegen\u00a0Mundpilz &#8211; Mundsoor, ben\u00f6tigen Sie in der Regel eine bis zwei Flaschen DynamSi.<br><br>Sollten Sie Fragen oder Anregungen haben klicken klicken sie bitte\u00a0HIER. Selbstverst\u00e4ndlich werden alle Fragen individuell und anonym per eMail beantwortet.<\/p>\n\n\n\n<p><\/p>\n","protected":false},"excerpt":{"rendered":"<p>Mundpilz &#8211; Mundsoor\u00a0wird haupts\u00e4chlich durch den Hefepilz Candida albicans ausgel\u00f6st. Sehr h\u00e4ufig sind Babys und Kleinkinder von\u00a0Mundpilz &#8211; Mundsoor\u00a0betroffen. Die Infektion kann dabei schon bei der Geburt von der Mutter, durch\u00a0Scheidenpilz\u00a0,auf das Baby \u00fcbertragen werden. Auch ist das Immunsystem bei Babys und Kleinkindern noch nicht so aktiv wie bei Erwachsenen.\u00a0Mundpilz &#8211; Mundsoor\u00a0kann auch durch schlecht [&hellip;]<\/p>\n","protected":false},"author":1,"featured_media":0,"parent":0,"menu_order":4,"comment_status":"closed","ping_status":"closed","template":"","meta":{"footnotes":""},"class_list":["post-17","page","type-page","status-publish","hentry"],"_links":{"self":[{"href":"http:\/\/www.bnw-mineral.com\/index.php?rest_route=\/wp\/v2\/pages\/17","targetHints":{"allow":["GET"]}}],"collection":[{"href":"http:\/\/www.bnw-mineral.com\/index.php?rest_route=\/wp\/v2\/pages"}],"about":[{"href":"http:\/\/www.bnw-mineral.com\/index.php?rest_route=\/wp\/v2\/types\/page"}],"author":[{"embeddable":true,"href":"http:\/\/www.bnw-mineral.com\/index.php?rest_route=\/wp\/v2\/users\/1"}],"replies":[{"embeddable":true,"href":"http:\/\/www.bnw-mineral.com\/index.php?rest_route=%2Fwp%2Fv2%2Fcomments&post=17"}],"version-history":[{"count":1,"href":"http:\/\/www.bnw-mineral.com\/index.php?rest_route=\/wp\/v2\/pages\/17\/revisions"}],"predecessor-version":[{"id":19,"href":"http:\/\/www.bnw-mineral.com\/index.php?rest_route=\/wp\/v2\/pages\/17\/revisions\/19"}],"wp:attachment":[{"href":"http:\/\/www.bnw-mineral.com\/index.php?rest_route=%2Fwp%2Fv2%2Fmedia&parent=17"}],"curies":[{"name":"wp","href":"https:\/\/api.w.org\/{rel}","templated":true}]}}