{"id":23,"date":"2024-11-28T18:21:38","date_gmt":"2024-11-28T18:21:38","guid":{"rendered":"https:\/\/www.bnw-mineral.com\/?page_id=23"},"modified":"2024-11-28T18:23:17","modified_gmt":"2024-11-28T18:23:17","slug":"krankheitsbild","status":"publish","type":"page","link":"http:\/\/www.bnw-mineral.com\/?page_id=23","title":{"rendered":"Krankheitsbild"},"content":{"rendered":"\n<p>Unter einer Allergie versteht man eine \u00dcberreaktion des Immunsystems auf bestimmte k\u00f6rperfremde Substanzen. Eine Allergie \u00e4u\u00dfert sich in unterschiedlichen Krankheitsbildern und zeigen sich z.B. durch eine<\/p>\n\n\n\n<p>\u2022 laufende Nase wie Heuschnupfen<br>\u2022 tr\u00e4nende und juckende Augen wie Bindehautentz\u00fcndung<br>\u2022 juckender Hautausschlag wie Hautallergie und Nesselsucht<br>\u2022 Asthmaanf\u00e4lle oder seltener auch durch<br>\u2022 Magen-Darm-Beschwerden mit Erbrechen, Durchfall, Bl\u00e4hungen und Magenschmerzen<\/p>\n\n\n\n<p>Ein und dieselbe Substanz kann bei einer Person einen Hautausschlag (Allergie) hervorrufen, bei einer anderen zu Asthma f\u00fchren, w\u00e4hrend eine dritte Person \u00fcberhaupt keine allergischen Reaktionen auf diese Substanz zeigt. Unmittelbar nach dem Kontakt mit dem Allergen aktiviert das Immunsystem die entsprechenden Antik\u00f6rper \u2013 von bestimmten Immunzellen hergestellte Eiwei\u00dfmolek\u00fcle \u2013 zur Bek\u00e4mpfung des Fremdk\u00f6rpers. Diese verbinden sich mit dem Allergen und veranlassen den K\u00f6rper, Histamin auszusch\u00fctten. Dieses Histamin l\u00f6st dann die allergische Reaktion aus (Allergie).<\/p>\n\n\n\n<p>Nach einer solchen Immunreaktion merkt sich der K\u00f6rper die betreffende Substanz und reagiert beim n\u00e4chsten Kontakt mit ihr innerhalb von Sekunden mit dem gleichen Symptom wie oben beschrieben.<\/p>\n\n\n\n<p>Die Stoffe, die am h\u00e4ufigsten eine Allergie ausl\u00f6sen sind:<\/p>\n\n\n\n<p>\u2022 Bl\u00fctenpollen Allergie<br>\u2022 Tierhaare Allergie<br>\u2022 Hausstaubmilben Allergie<br>\u2022 Schimmelpilze Allergie<br>\u2022 Insektengifte Allergie<br>\u2022 Kosmetika Allergie<br>\u2022 Medikamente, z.B; Penicillin Allergie<br>\u2022 Lebensmittelzus\u00e4tze, z.B: Konservierungsstoffe Allergie<br>\u2022 Chemikalien, z.B: F\u00e4rbmittel Allergie<br>\u2022 Metalle, z:B: Nickel, Chrom, Amalgam Allergie<\/p>\n\n\n\n<p>Da das Immunsystem vieler Menschen in der heutigen Zeit bereits sehr geschw\u00e4cht ist, kann mittlerweile beinahe jede Substanz eine Allegie Reaktion verursachen.<\/p>\n\n\n\n<p>Das Immunsystem bef\u00e4higt den K\u00f6rper mit sch\u00e4dlichen Eindringlingen und sch\u00e4dlichen Einfl\u00fcssen aus eigener Kraft fertig zu werden. An dieser K\u00f6rperabwehr ist das Bindegewebe ma\u00dfgeblich beteiligt, insbesondere das netzartige, retikul\u00e4re Bindegewebe in der Milz und im Lungensystem. Durch Nano \u2013 Silizium (DynamSi) erzielt man eine deutliche Zunahme der netzartigen retikulo \u2013 endothelialen Bindegewebszellen und dadurch eine Zunahme der Abwehrzellen. Da die Abwehrfunktion des Bindegewebes praktisch bei fast allen Krankheiten mit zur Heilung beitragen kann, wirkt sich die Mobilisierung der Abwehr durch Silizium fast immer g\u00fcnstig auf den Krankheitsverlauf aus. Und mit der zunehmenden Umweltverschmutzung wird auch bedeutsamer, dass Nano \u2013 Silizium durch die Entgiftung der Abwehrsysteme bis zu einem gewissen Grad den Folgen der Umweltbelastung vorbeugen kann.<\/p>\n\n\n\n<p>Als \u201eEntgiftungsmedium\u201c wird die Nahrungsmittel \u2013 Erg\u00e4nzung Nano-Silizium\/DynamSi empfohlen, da die Allergie und allgemeine Immunschw\u00e4che mit DynamSi die Allergie stark lindert und abklingen l\u00e4sst und das Immunsystem wieder gest\u00e4rkt wird.<\/p>\n\n\n\n<p>Es empfiehlt sich, dass Betroffene mit einer Allergie die Nahrung mit DynamSi (Nano-Silizum) erg\u00e4nzen \u2013 pro Tag 3-mal zwei Teel\u00f6ffel, f\u00fcr eine Dauer von ca. 4 bis 8 Wochen.<\/p>\n\n\n\n<p>DynamSi ist eine rein nat\u00fcrliche Nahrungsmittelerg\u00e4nzung mit den entgifteten Eigenschaften von Silizium. auf Grund der praktischen Erfahrungen kann Nano-Silizium (DynamSi) uneingeschr\u00e4nkt zur Langzeittherapie bei einer Allergie und Immunschw\u00e4che empfohlen werden.<\/p>\n","protected":false},"excerpt":{"rendered":"<p>Unter einer Allergie versteht man eine \u00dcberreaktion des Immunsystems auf bestimmte k\u00f6rperfremde Substanzen. Eine Allergie \u00e4u\u00dfert sich in unterschiedlichen Krankheitsbildern und zeigen sich z.B. durch eine \u2022 laufende Nase wie Heuschnupfen\u2022 tr\u00e4nende und juckende Augen wie Bindehautentz\u00fcndung\u2022 juckender Hautausschlag wie Hautallergie und Nesselsucht\u2022 Asthmaanf\u00e4lle oder seltener auch durch\u2022 Magen-Darm-Beschwerden mit Erbrechen, Durchfall, Bl\u00e4hungen und Magenschmerzen [&hellip;]<\/p>\n","protected":false},"author":1,"featured_media":0,"parent":0,"menu_order":2,"comment_status":"closed","ping_status":"closed","template":"","meta":{"footnotes":""},"class_list":["post-23","page","type-page","status-publish","hentry"],"_links":{"self":[{"href":"http:\/\/www.bnw-mineral.com\/index.php?rest_route=\/wp\/v2\/pages\/23","targetHints":{"allow":["GET"]}}],"collection":[{"href":"http:\/\/www.bnw-mineral.com\/index.php?rest_route=\/wp\/v2\/pages"}],"about":[{"href":"http:\/\/www.bnw-mineral.com\/index.php?rest_route=\/wp\/v2\/types\/page"}],"author":[{"embeddable":true,"href":"http:\/\/www.bnw-mineral.com\/index.php?rest_route=\/wp\/v2\/users\/1"}],"replies":[{"embeddable":true,"href":"http:\/\/www.bnw-mineral.com\/index.php?rest_route=%2Fwp%2Fv2%2Fcomments&post=23"}],"version-history":[{"count":1,"href":"http:\/\/www.bnw-mineral.com\/index.php?rest_route=\/wp\/v2\/pages\/23\/revisions"}],"predecessor-version":[{"id":25,"href":"http:\/\/www.bnw-mineral.com\/index.php?rest_route=\/wp\/v2\/pages\/23\/revisions\/25"}],"wp:attachment":[{"href":"http:\/\/www.bnw-mineral.com\/index.php?rest_route=%2Fwp%2Fv2%2Fmedia&parent=23"}],"curies":[{"name":"wp","href":"https:\/\/api.w.org\/{rel}","templated":true}]}}